v be (-1)/2 + 42/(-12). Let p(b) = v*w(b) - 5*z(b). Give p(m).
-6
Let m(f) be the third derivative of -f**8/20160 - f**7/2520 + f**6/240 - 19*f**5/30 + 8*f**2 - 1. Let d(t) be the third derivative of m(t). Determine d(2).
-5
Let o(g) = 3*g + 14. Suppose 4*y + 105 = 1. Give o(y).
-64
Let w(q) be the second derivative of -1/6*q**4 + 143*q - 3/2*q**2 + 1/2*q**3 + 0. What is w(4)?
-23
Let f(l) = l**3 + 7*l**2 - 8*l. Let s = -261 + 285. Suppose -2*u = v + 16, -2*v - s = 6*u - 3*u. What is f(u)?
0
Let t be (4/6)/(21/9 + -2). Suppose 4*o - t*h = 16, 2*o + 4*h = o + 13. Let r(l) = 12*l - 23 + o*l**3 - l**2 - 6*l**3 - 11*l. Give r(0).
-23
Let z(j) = 3*j + 12. Suppose -30*q - 69 = -429. Suppose -3*s + 3*f - 3 = 0, 3*f + q = -2*s - 15. Give z(s).
-6
Let k(a) = -7*a - 189. Suppose -4*p + 118 = -4*d + 10, 5*d = -3*p - 135. Give k(d).
0
Let g be ((2 - 2)/(-1 + -1))/1. Let n be 13 - (-4 + g)/(-2 - 0). Suppose -8*c = -5 - n. Let h(o) = -o**3 + 3*o - 1. Calculate h(c).
-3
Let s(x) = -x**3 - 28*x**2 + 35*x**2 - 14 + 0*x + 0 - 6*x. Let b(g) = 6*g**2 + g + 1. Let k be b(-1). Give s(k).
-14
Let o(t) = -t - 3. Suppose 9 + 3 = -3*m. Let w(k) = -k + 2. Let x(a) = -a**2 + 3. Let z(d) = -3*w(d) - x(d). Let g be z(m). What is o(g)?
2
Suppose -c + 444*q = 448*q - 49, -3*c + 4*q = 29. Suppose n + 2*n = 0. Let u(y) = -5 + y**2 - y + n + 0*y**2 + 2*y. What is u(c)?
25
Let c(s) = 42*s - 854. Let y be c(20). Let z(i) = -i**2 - 12*i + 14. What is z(y)?
-14
Let y(v) = -v**3 + 19*v**2 + v - 20. Suppose 26*s - 24*s = -26. Let m be (0 - -2) + (1768/(-8))/s. What is y(m)?
-1
Suppose 5*p - 27 + 7 = 0. Suppose -5*s = -7*s + p. Let m(d) = d**3 + 30*d**s + d + 0*d**3 + 0*d - 37*d**2 - 8. Give m(7).
-1
Suppose 1836 = -161*n + 165*n. Let x = -475 + n. Let i(y) = -y**3 - 16*y**2 - y - 7. Determine i(x).
9
Let q be 1 - -2 - 13/(91/14). Let a(d) = -18*d**2 - 3*d. Let s(b) = 5*b**2 + 4*b + 18*b**2 + 7*b**2 - 3*b**2. Let r(n) = 7*a(n) + 5*s(n). What is r(q)?
8
Let z(g) = -g + 44858*g**2 - 16 - 19 - 89713*g**2 + 44857*g**2. Give z(6).
31
Let t(v) = v**3 - v**2 - v + 6. Let y(k) = -6*k**3 - 5*k**2 - 11*k - 35. Let j(r) = 5*t(r) + y(r). What is j(-8)?
-5
Let a(y) = -8*y. Suppose 380*j - 94*j - 572 = 0. Calculate a(j).
-16
Let r(b) = 14*b + 18. Suppose -4 + 8 = -3*g - 5*w, -4*g - 2*w + 4 = 0. Calculate r(g).
46
Let g = 7135 - 42809/6. Let p(w) be the second derivative of 18*w + 0 - g*w**3 + 1/12*w**4 - 1/2*w**2. Calculate p(-2).
5
Let s be ((-8)/(-28))/(5/(-70)*-1). Let r(p) = -s*p + 14*p + 18 - 4*p - 5*p. Determine r(-14).
4
Let s(j) = 5*j**2 + 32*j - 264. Let q(y) = 8*y**2 + 67*y - 528. Let w(d) = 3*q(d) - 5*s(d). Calculate w(33).
0
Let a(q) = -q. Let w(k) = -3*k + 1. Let c(u) = -3*u + 1. Let i(r) = 3*c(r) - 4*w(r). Let f(z) = 5*a(z) + 2*i(z). Let m be (816/32 - 26)*(-8)/1. What is f(m)?
2
Let x(h) = -h**2 - 10*h - 2. Let f be x(-9). Let b(r) = -6*r + 1759*r**2 + r + 1761*r**2 + 2 - 3519*r**2 + 4. What is b(f)?
20
Let d(l) = -4*l**2 - 24*l - 18. Let j(i) = 11*i**2 + 66*i + 49. Let u(k) = 8*d(k) + 3*j(k). Let w(m) = 7*m. Let q be w(-1). Determine u(q).
10
Let p(o) = -2*o**2 + 2*o + 4. Let y be ((-6)/15)/(76/190). Give p(y).
0
Suppose 5*l - 20 = 0, 0*b + 3*b - 5*l = 331. Let t = b + -109. Let x(s) = -s**3 + 7*s**2 + 8*s + 9. What is x(t)?
9
Let q(y) = -y. Suppose 280 + 10 = 5*i. Suppose -52*m = 11*m + 3465. Let p = i + m. Calculate q(p).
-3
Suppose -172 = -13*v - 81. Let d(i) = 17*i + 4*i**3 - i**3 - 6 + 12*i**2 + 10*i - 2*i**3 - v*i. Calculate d(-10).
-6
Suppose 0 = 3*m - 10*m + 42. Let o(x) = 4*x + 3*x - 5*x + m - x**2. Determine o(3).
3
Let d(r) be the second derivative of r**4/6 + 31*r**3/6 - 5*r**2 - 5*r + 1. Let t be d(-16). Let n(c) = -c**3 + 5*c**2 + 8*c - 2. Calculate n(t).
10
Let o(g) = 75*g - 4789. Let b be o(64). Let t(x) = x**3 - 12*x**2 + 10*x + 10. Give t(b).
-1
Let j = 45 - 38. Let q(a) be the third derivative of -a**5/60 + a**4/3 + a**3/3 - 53*a**2. What is q(j)?
9
Let w(x) be the second derivative of -2/3*x**3 + 0 - 12*x - 1/12*x**4 + 3/2*x**2 + 1/20*x**5. Suppose g = o - 4, 8 = 5*o - 0*o + g. Give w(o).
-1
Let g be 0 + (9 - (-2)/(-1)). Let s(v) = v**2 + 9*v - 75. Let f(d) = -4*d**2 - 28*d + 259. Let c(x) = -2*f(x) - 7*s(x). Determine c(g).
7
Let j(r) = -r - 6. Let i(g) = 3*g + 26. Let a(s) = i(s) + 4*j(s). Determine a(-12).
14
Let i(q) = -6*q + 18. Let v(p) = -78*p + 234. Let w(a) = -27*i(a) + 2*v(a). Calculate w(12).
54
Let t(k) be the first derivative of k**4/4 - 16*k**3/3 - 8*k**2 - 22*k - 731. What is t(17)?
-5
Let c(i) = -2*i**3 - 62*i**2 + 63*i - 10. Let k be c(-32). Let w(a) = a**3 - 21*a**2 - 23*a + 8. Give w(k).
-14
Let n(x) = x**3 + 6*x**2 + 17*x + 5. Let r(h) = -3*h**3 - 16*h**2 - 49*h - 13. Let z(u) = -17*n(u) - 6*r(u). Let p be (-5)/(1/(-3 - -2)). Determine z(p).
-7
Let g(m) = m**3 - 2*m**2 - 7*m + 1. Let c(q) = -5*q**3 + 11*q**2 + 52*q - 8. Let p(t) = c(t) + 6*g(t). Give p(3).
46
Let j(w) = -7*w + 10. Let a(v) = -8*v + 11. Let h(t) = -6*a(t) + 7*j(t). Let x(q) = q**2 - 30*q + 250. Let l be x(18). Let f be -74 + 84 - l/2. Give h(f).
11
Let i(t) = 5041*t**2 - 10236*t**2 + 16 + 5196*t**2 + 14*t. Give i(-6).
-32
Let c(r) = 5*r**3 + 24*r**2 - 44*r - 12. Let o(m) = -19*m**3 - 93*m**2 + 169*m + 47. Let s(n) = 23*c(n) + 6*o(n). Let x = 2 + 4. Determine s(x).
18
Suppose 0 = 12571*g - 12780*g - 1254. Let t(s) = 1 - 5 + 3*s + s**2 + 3. Calculate t(g).
17
Suppose 9*n = -714 + 1038. Let u(s) = -s**3 + 38*s**2 - 72*s + 7. Give u(n).
7
Let v = 525 - 521. Let t(n) = n**3 + n**2 - 6*n + 2. Give t(v).
58
Let s(k) be the first derivative of k**4/4 - 5*k**3/3 + 3*k**2/2 - 2*k - 945. Calculate s(6).
52
Let o(n) = n**3 - 30*n + 65. Let j be o(3). Let d(m) be the first derivative of j*m**2 + 15 + 6*m + 4/3*m**3 + 1/4*m**4. What is d(-4)?
-10
Let r(b) = 3*b**2 + 0*b**2 - 9 - 9 + 25 - 26*b - 2*b**2. Give r(27).
34
Suppose 0 = -2*d - v + 404, -5*v = -19*d + 21*d - 420. Let o = -206 + d. Let q(l) be the second derivative of l**5/20 + l**4/2 + l**3/6 - 2*l. Determine q(o).
-6
Let o(z) = 10*z**3 + 21*z**2 - 49*z + 22. Let s(k) = -3*k**3 - 7*k**2 + 14*k - 7. Let u(x) = -2*o(x) - 7*s(x). What is u(-6)?
41
Let m(y) = y**2 + 4. Let j = -1531 + 907. Let x = j + 621. Calculate m(x).
13
Let v = 97 + -187. Let g be (4/6)/((-15)/v). Suppose 33 = -5*k + 4*o, k + 0*k + g*o = 3. Let m(l) = l - 7. What is m(k)?
-12
Suppose 0 = 3*n + 4*y + 26, -4*n - 16 = 848*y - 852*y. Let f(i) = -i**3 - 7*i**2 - 5*i + 5. Calculate f(n).
-1
Suppose 5*w = h + 35, 2*w + 9 = -3*h - 11. Let c be h/(-45) + 350/45. Let j(m) = -m**3 + 9*m**2 - 6*m - 4. What is j(c)?
12
Let q(a) = 5*a - 133553 - 6*a**2 - a**3 + 16*a - 7*a + 133607. Give q(-3).
-15
Suppose 0 = 5*o - 20, 7*m + 4*o = 9*m - 30. Let i(j) = -2*j + 50. Give i(m).
4
Let g(k) = 663*k - 1963. Let q be g(3). Let a(j) = -j + 17. What is a(q)?
-9
Let f(d) = d**3 + 10*d**2 + 12*d + 2. Let z(q) = q**3 - 35*q**2 - 35*q - 33. Let b be z(36). Let x be (-25)/b - (1 + 12/(-9)). What is f(x)?
34
Let d(j) be the first derivative of -2*j**3/3 + 3*j**2/2 + 36*j + 201. Give d(0).
36
Let k(t) = 4*t + 10. Suppose 113*j + 198 = 124*j. Suppose -j*n + 3*n = 75. Give k(n).
-10
Let o = 813583/20 - 40679. Let y(m) be the second derivative of 1/3*m**3 + m - o*m**5 + 1/2*m**2 + 1/12*m**4 + 1. Calculate y(-1).
3
Let n(r) = r**2 - 9*r + 6. Suppose -80*t + 84 = -37*t - 31*t. Calculate n(t).
-8
Let q(h) = h**3 + 5*h**2 - 7*h - 5. Let a be (-1)/(((-3)/(-2))/(2 - -19)). Let k be (34/119 - (-102)/a) + 1. Give q(k).
1
Let b be 0 - 4 - 38 - 27/(-3). Let v(j) = -3*j - 93. Calculate v(b).
6
Suppose g = -5*v + 17, 2*v - 27 = -5*g + 6*v. Let i(r) be the second derivative of r**4/12 - 7*r**3/6 - 7*r**2/2 - 11*r. Calculate i(g).
-7
Let x(a) = 3*a**3 + 26*a**2 + 12*a + 21. Let d(h) = -h**3 - 12*h**2 - 6*h - 10. Let s(n) = 5*d(n) + 2*x(n). Let y = -135 - -144. Give s(y).
19
Let i(x) be the third derivative of x**5/60 - 7*x**4/24 + 27*x**2 + 2. Let w(z) = 2*z**2 - 13*z. Let c(m) = -11*i(m) + 6*w(m). Calculate c(2).
2
Let k(p) be the second derivative of -p**3/6 + 7*p**2 + 18511*p. Let d(t) = t**3 + 10*t**2 - t - 8. Let w be d(-10). Let j be 0/((w - -2)/(-2)). What is k(j)?
14
Let a(x) = 2*x**2 + 405*x + 812. Let v be a(-2). Let l(h) = -h**3 + 11*h**2 - 4*h - 5. Give l(v).
55
Let r be (21/21 + 0)*(2 - 0). Let l